397 + -1094. Let s = u + -594. List the prime factors of s.
709
Let z(c) = -4*c**2 + c - 5. Let d(w) = 9*w**2 - 3*w + 11. Let b(v) = -2*d(v) - 5*z(v). Let n be b(0). Suppose 0 = -j - n*j + 208. List the prime factors of j.
2, 13
Let x(o) = -6*o + 76. Let b be x(13). What are the prime factors of -4*34*b/4?
2, 17
Let j be (10 + -9)/((-4)/6 - -1). Suppose 0 = 4*l + r - 1673, -3*l + 6*l - j*r = 1251. What are the prime factors of l?
2, 11, 19
Suppose 15*m + 105 = 8*m. What are the prime factors of (-4217)/m + (-54)/405?
281
Let i(w) be the second derivative of 5*w**3/6 + 5*w**2 - 2*w. Let q(b) = 8*b + 7. Let d be q(0). List the prime factors of i(d).
3, 5
Let p be 15/(-10)*8/(-3). Suppose -4 = p*l - 28. What are the prime factors of (l/2 - -13) + 1?
17
Let o = 21838 - 12822. List the prime factors of o.
2, 7, 23
Let z = 4464 + -1071. What are the prime factors of z?
3, 13, 29
Suppose -5*t + 3*t = -5*h - 6946, 0 = 5*h + 20. List the prime factors of t.
3463
Let x(q) be the second derivative of 233*q**3/6 - 7*q**2/2 + 14*q. Let s be x(-1). Let k = s - -399. What are the prime factors of k?
3, 53
List the prime factors of 169/(-26)*(-8)/(-26)*27461/(-2).
7, 3923
Let u be (-420)/24*(300/(-7))/(-1). Let q = 892 - u. List the prime factors of q.
2, 821
Suppose 10 = -4*i + 8*i - b, -4 = -5*i - 3*b. List the prime factors of -2*3/i + 482 + -1.
2, 239
Suppose i + 186741 - 12542 = 4*q, -5*i - 43564 = -q. List the prime factors of q.
11, 37, 107
Let z(l) = l**3 - 10*l**2 - 13*l - 16. Let v(j) = -19*j + 16. Let d be v(6). Let w be (-2)/8 + (d/(-8) - 0). What are the prime factors of z(w)?
2, 29
Suppose -8*w + 2*l = -13*w + 239008, 20 = 5*l. Suppose -10*a - w = -50*a. What are the prime factors of a?
5, 239
Let q be ((-2)/4)/(8/(-672)). Suppose 0 = 7*f + q - 525. List the prime factors of f.
3, 23
Suppose -10*l + 6295 = -5*l - 5*p, -l + 1253 = 2*p. Suppose -4*r - h = -2513, 2*r + 6*h - l = 5*h. List the prime factors of r.
2, 157
Let f(l) = 235*l - 686. What are the prime factors of f(36)?
2, 13, 23
Suppose 5*p - 41 = -26. Let a(j) = -j - 1. Let u(z) = 16*z + 21. Let w(y) = -a(y) + u(y). List the prime factors of w(p).
73
What are the prime factors of ((-26080)/25)/(64/(-160))?
2, 163
Let q(s) = -s + 6. Let c be q(3). Suppose -2*h - 6 = 0, -c*p + h = -2*h - 354. Let v = p - 68. List the prime factors of v.
47
Let d(v) be the third derivative of -5*v**4/12 + v**3/2 + 10*v**2 + 3*v. List the prime factors of d(-15).
3, 17
What are the prime factors of (-3 + (-44525)/10)*-1*4?
2, 7, 19, 67
Let x = -5572 + 10706. What are the prime factors of x?
2, 17, 151
Let x(o) = -3*o**3 - 25*o**2 - 237*o + 43. What are the prime factors of x(-15)?
2, 4049
What are the prime factors of (2*-2 + 2)/(48/(-13152))?
2, 137
Let z(q) = q**3 + q**2 + q - 1. Let b(t) = -18*t**3 - 10*t**2 - 7*t - 22. Let l(p) = b(p) + 4*z(p). List the prime factors of l(-4).
2, 3, 131
Let u be (81/18)/(6/(-8)). Let k be u - -3 - -1 - -515. Suppose -18 = -9*o + k. What are the prime factors of o?
59
Suppose -4*w - w + 2*a = -2506, -4*w - 3*a = -1991. What are the prime factors of w/4 + 0 + 5?
2, 5, 13
List the prime factors of ((-28271)/3)/((-561)/3366).
2, 17, 1663
Let u = -42 - -47. Suppose -r - 10 = -2*r + u*s, -s = r - 4. Suppose 65 + 15 = 4*d + 4*y, 4*d - r*y = 44. What are the prime factors of d?
2
Let z(o) = 2*o**3 - 10*o**2 - 8*o - 30. Suppose -2*j - 11 - 20 = -3*f, 46 = 4*f + 2*j. List the prime factors of z(f).
2, 23, 29
Let z = 1268 - 575. Suppose 5*j - z = 3822. List the prime factors of j.
3, 7, 43
Let o(h) be the third derivative of -h**4/12 + 14*h**3/3 - h**2 - 24. Let z be o(22). List the prime factors of ((-24)/z)/(6/308).
7, 11
Let u = -30 + 27. Let h be 27 + (3 - u/3). Suppose 1480 = 36*w - h*w. List the prime factors of w.
2, 37
Let a(b) = 9*b**3 - 11*b**2 - 43*b + 155. What are the prime factors of a(10)?
5, 61
Let a be (259/28 + -7)/(2/24). Let x = 28 - a. Let n = 38 - x. What are the prime factors of n?
37
Let z(v) = -4*v**2 + 54*v + 83. Let x(r) = -2*r**2 + 27*r + 42. Let y(l) = 5*x(l) - 3*z(l). List the prime factors of y(33).
2, 3, 13
Let h = -20 - -243. Let s = h + -100. Suppose 0 = 15*n - 702 - s. List the prime factors of n.
5, 11
Let y(c) = 3*c + 59. Let z be y(-18). Suppose d + 3*d = -r - 104, -3*r + z*d = 278. Let s = r - -152. What are the prime factors of s?
2, 7
Let k(j) = j**3 + 25*j**2 - 16*j + 29. Let p be k(-25). Suppose 3*h + 5*b = p, -5*b + 6*b = -4*h + 589. List the prime factors of h.
2, 37
Suppose -31*z + 22*z + 8298 = 0. What are the prime factors of z?
2, 461
Let c be (22/4 - 3)*(-24)/10. List the prime factors of (9252/(-7))/(-4) + c/14.
2, 3, 5, 11
Let j(k) = 1084*k + 979. List the prime factors of j(6).
7, 1069
Suppose -21766 - 16172 = -5*o - 2*i + 38562, i = 0. List the prime factors of o.
2, 3, 5, 17
Let t be 64/80 - (-142)/10. Suppose t*j - 10*j = 25. Suppose 0 = -j*r, 2*r - 204 = -5*u + 111. What are the prime factors of u?
3, 7
Let x be 26/10 + (2 - (-32)/(-20)). What are the prime factors of (-2)/(x + ((-648)/321 - 1))?
107
Let c = 45304 + -31050. List the prime factors of c.
2, 7127
Let b(p) be the second derivative of -14*p**3 - 23*p**2/2 + 98*p. List the prime factors of b(-7).
5, 113
Let g(r) = -r**3 + 1638. Let u be g(0). Let i be ((u/(-5))/(-3))/(1/5). Suppose 0 = -6*z + i + 468. List the prime factors of z.
13
Let w = 11246 + -2846. List the prime factors of w.
2, 3, 5, 7
Let j(a) = a**3 + 12*a**2 - 52*a - 53. Let s be j(-16). Let t = s - -401. List the prime factors of t.
2, 3, 13
Suppose 6897 = 5*p - 6628. What are the prime factors of p?
5, 541
Let g(u) = -u**2 - 286*u + 17. What are the prime factors of g(-24)?
5, 13, 97
Let g be 156/3*(1 + -2). Let r be ((-98)/(-5))/((-6)/120*4). Let a = g - r. What are the prime factors of a?
2, 23
Suppose 0 = 4*u - 444*k + 445*k - 11435, 5*u - 3*k = 14298. List the prime factors of u.
3, 953
Suppose 7*x - 4*p = 8*x - 3945, -4*x = -2*p - 15708. What are the prime factors of x?
3929
Let k be (-64)/(-32)*1/(4/398). Suppose 33*x + k = 34*x + 2*l, -5*x + 2*l = -935. What are the prime factors of x?
3, 7
Let d(c) be the third derivative of 0*c + 1/24*c**4 - 8*c**2 + 0 + 7/6*c**3. What are the prime factors of d(5)?
2, 3
Let y(a) = -236*a**3 - a**2 - 250*a**3 + 504*a**3 - 3*a. List the prime factors of y(2).
2, 67
Suppose -w + 2*i - 5*i - 7 = 0, 4*i + 52 = 4*w. Suppose -w*f = f - 1350. Suppose 0 = -2*d + 7*d - f. What are the prime factors of d?
2, 3, 5
Let x(u) be the third derivative of u**5/10 + 29*u**4/24 - 145*u**3/6 - 72*u**2 - 2. List the prime factors of x(13).
2, 7, 89
Let x be 38/18 - 16/144. Suppose -v = -3*b + 899, -x*b + 1502 = 3*b + 2*v. What are the prime factors of b?
2, 3, 5
Let j(f) = 3*f + 6. Let k be j(-2). Suppose -h + k*p + 5*p = -31, 4*h - 4*p - 124 = 0. What are the prime factors of h?
31
Let s(f) = f + 13. Let y = -15 + 5. Let h be s(y). Suppose 0 = h*j + 3*a - 15, -3*j + 3*a + 22 = -a. List the prime factors of j.
2, 3
Let f be 4/(-50) - (-492)/(-100). What are the prime factors of 57 - -1*(-5)/(-5) - f?
3, 7
Suppose -11 + 51 = -8*c. Let a(u) = u**3 + 5*u**2 - 5*u - 7. Let x be a(c). Suppose -4*s - 3*t - x = -112, 5*s - 133 = 4*t. List the prime factors of s.
5
Let k be 8 - 0/(-1 + 2). Suppose -3*r - d + 345 = 0, 0 = 54*r - 58*r - 3*d + 460. What are the prime factors of -4 + r/4 - (-2)/k?
5
Let f = 282 + -276. Let b(p) = 17*p**2 - 6*p + 64. List the prime factors of b(f).
2, 5
Let r(f) = -5 + 66*f + 4 - 56*f + 32*f**2. What are the prime factors of r(3)?
317
Suppose 4*h + 211 = 331. Let a be (-4)/(-10) - 1038/(-30). List the prime factors of 1932/a*h/9.
2, 23
Suppose -4*c + 6*c + 66 = 0. Let v = c - -59. What are the prime factors of v + 5 + (-8)/2?
3
Let l(c) = 3*c + 25. Let r be l(-8). Let g be (-100 - 0) + (r - (0 + 1)). List the prime factors of g/(-3)*(-12)/(-5).
2, 5
Let o = 21428 + -32. List the prime factors of o.
2, 3, 1783
Let j(h) = -h + 6. Let v be j(-7). Let d(a) = a**2 + 20*a - 70. Let s be d(3). List the prime factors of (s - 1)*v/(-2).
13
Suppose -z - 3*i - 495 = 0, 0*i = 3*z - 5*i + 1443. Let j = z - -1105. What are the prime factors of j?
619
Suppose -5*c = -2*q + 6, 2*c = -3*c - q + 3. Let n(o) = -2*o**3 + 127 + 26 - 671*o + 3*o**3 + 674*o. List the prime fac